t is the units digit of j?
1
Suppose 0 = -0*j - 5*j. Suppose -z + 0 - 4 = j. What is the tens digit of (z/6)/(3/(-171))?
3
Let s be 4 - (-2 - (-3 - 1)). Suppose 0 = s*h - 81 - 25. What is the tens digit of h + (-2 - 2 - -1)?
5
Let o(i) = -i**2 + 5*i + 16. Let l be o(7). Suppose l*x - 83 = 37. What is the tens digit of x?
6
Let z(d) = 5*d + 37. Let p(g) = -3*g - 18. Let v(r) = 13*p(r) + 6*z(r). Let n be v(-9). Let x = n - 35. What is the units digit of x?
4
Suppose 82236 + 38990 = 49*j. What is the units digit of j?
4
Suppose 0 = 279*p - 290*p - 528. Let k = -5 + -24. Let h = k - p. What is the units digit of h?
9
Let s = -30 - -74. Suppose -s = -20*j + 16*j. What is the units digit of j?
1
What is the units digit of 2472 + (0 + -2)*1 + 0?
0
Let o(z) = 3*z - 2*z + 36*z**3 + 5*z**2 - 35*z**3 + 3. Let j be o(-5). What is the units digit of -1 + (43 + j - 0)?
0
Let z = 715 - 3058. What is the hundreds digit of ((-10)/(-6))/(z/(-585) - 4)?
3
Suppose 5*k + 2 = 52. Suppose i - k = -2. What is the units digit of i?
8
Let c = 145 - 282. Let h = c + 63. Let x = -33 - h. What is the units digit of x?
1
Let k(j) = 2*j**2 - 84*j + 114. What is the units digit of k(48)?
0
Suppose -4*m + 4847 = -5*j, 0 = -99*j + 104*j - 25. What is the thousands digit of m?
1
What is the units digit of (-5336)/(-207) + (-4)/(-18) + 0?
6
What is the units digit of 44 + 2 + (-4 - 4) + 3?
1
Let w = -2 - -21. Suppose 4*c - 227 = -w. What is the units digit of c?
2
Let f(s) = 64*s**2 + 27. What is the tens digit of f(8)?
2
Suppose d = -5*y + 230, 3*y - 110 = -2*d + 7*d. Let c be (-10)/y + (-38)/(-9). Suppose 0 = -2*x + c, 0 = -g + 4*g - 5*x - 26. What is the units digit of g?
2
Let t(n) = -2*n - 2. Let d be t(-3). Suppose s = -d*s - 75. What is the units digit of ((-54)/s)/((-3)/(-10))?
2
Suppose -3*b + 59 = -40. Suppose -4*j + 70 = -5*a, 5*j = -4*a + 2*j - 56. Let x = b + a. What is the tens digit of x?
1
Suppose 63 = 2*b - 5*r, -39 = -2*b + 2*r - 5*r. Suppose b = -3*z + 75. What is the units digit of z?
7
Suppose 30*t + 9450 = 37*t. What is the units digit of t?
0
Let g = 7 - 7. Suppose -3*l - 12 = -4*a - g*a, -16 = 5*a + 4*l. Suppose a = 2*r - 17 - 5. What is the units digit of r?
1
Let z be -4 + (-44)/(-12) + 4/(-6). What is the units digit of (2/2*-29)/(-2 - z)?
9
What is the units digit of 2/6 + (-10 - (-3256)/6)?
3
Suppose 10280 + 5405 = 5*p - 4*f, 0 = -4*f. What is the units digit of p?
7
Let p be (1 + 0)/(5 - 2224/445). Let a = p + -264. What is the tens digit of a?
8
What is the hundreds digit of ((-1)/1)/(24/(-41664))?
7
Let w = -19 + 24. Suppose 0 = d - 3*d + w*b - 44, 2*d = b - 36. Let q = d - -31. What is the tens digit of q?
1
Let p be -9 - -9 - (-6 + 1). Let l be p + 8/(-4) + 15. What is the units digit of (-96)/l*9/(-2)?
4
Let a(l) be the second derivative of -26*l**5/5 + l**4/6 + l**3/3 + l**2/2 - 20*l. What is the units digit of a(-1)?
5
Let y(v) = 3*v + 21. Let x(o) = 4*o + 22. Let h(p) = -2*x(p) + 3*y(p). What is the tens digit of h(12)?
3
What is the tens digit of (776/(-9))/((-176)/792)?
8
Suppose 0 = -3*h + 6. Suppose h*d = 1 - 5. What is the units digit of (1/3)/(d/(-54))?
9
Suppose 0 = -16*b + 12*b + 2*o + 2820, -b = -5*o - 723. What is the units digit of b?
3
Let v(z) = -26*z + 4*z - 27*z + 12*z - 6. What is the units digit of v(-2)?
8
What is the hundreds digit of (-6464)/(-22) + 20/110?
2
Suppose 0 = c - 2, 4*c = -3*q - 0*q - 445. Let g = q - -221. What is the units digit of g?
0
Suppose -9*c + 4*c = 0. Suppose c*d - 2*d + 104 = 2*m, m + 5*d = 60. What is the tens digit of m?
5
Let j(u) = -22*u + 180. What is the tens digit of j(-7)?
3
Let c = 12 - 8. Suppose 4*o - 4*h = 0, -2*o + 3 = -c*h + 11. Suppose -v + 0*j - 12 = o*j, 0 = -3*v - 5*j - 8. What is the units digit of v?
4
Let f be (-228)/(-28) - 2/14. Let x = 10 - f. Suppose 11*h - x = 10*h. What is the units digit of h?
2
Let u = 9 - -13. Suppose -r + 6 = -4*f + u, 4*f - 2*r - 12 = 0. Suppose 0 = -0*k - f*k - 3*m + 233, -2*k = 3*m - 95. What is the units digit of k?
6
Let p = -57 - -62. Suppose 9*t - 768 = p*t. What is the units digit of t?
2
Let w(x) = 3*x**3 + x**2 - 2*x + 1. Let l be w(1). Suppose o + 3*o = 3*f + 411, -306 = -l*o + 3*f. What is the hundreds digit of o?
1
Suppose 0 = -2*w + 2*m - 2, 2*w - 4*m + 8 = 0. Suppose -f + 1 = -w. Suppose 2*l - f = -y + 22, 5 = 5*l. What is the tens digit of y?
2
Let v(c) be the first derivative of -7*c**2/2 - 6*c + 2. What is the tens digit of v(-6)?
3
Let a = -3 - 9. Let t be ((-8)/5)/(a/30). Suppose -t*y = -7*y + 51. What is the units digit of y?
7
Let w(a) be the third derivative of 7*a**4/8 - 5*a**3/6 + 5*a**2. Let q(g) = -21*g + 5. Let r(h) = -3*q(h) - 2*w(h). What is the tens digit of r(2)?
3
Let z(b) = -2*b + 14. Let o be 0*(2 + 5/(-2)). What is the tens digit of z(o)?
1
Let a = -3221 - -5043. What is the thousands digit of a?
1
Suppose -156 = -g - 0*g. Suppose q - 5*b = 22, -5*b + 2*b - g = -4*q. What is the tens digit of q?
4
Suppose 2*h - 2312 - 896 = 0. What is the hundreds digit of h?
6
Let m(l) = l + 17. Let r be 6/(-8) - (-62)/8. What is the units digit of m(r)?
4
Let x(w) = 2*w - 24. Let d be (-312)/16*4/(-6). Let c be x(d). Suppose -u = -5*l - 48, -c*l - 196 = -3*u - 0*u. What is the units digit of u?
8
Let a = -2 - 4. Let w(p) = -p - 1. Let u be w(a). Suppose 15 = q - u*i - 14, -2*i = 2. What is the units digit of q?
4
Suppose 0 = -10*x + 50 - 0. Suppose -5*a + 1035 = x*b, -a - 6*b = -b - 211. What is the tens digit of a?
0
Let z = -135 + 191. Suppose -3*q - 2*p = -327, 4*q - 7*p = -12*p + 443. Let d = q - z. What is the units digit of d?
1
Let u be (-92)/20 + 4 - 93/(-5). Suppose -15*z + u*z = 603. What is the tens digit of z?
0
Let s be 6/24 + 1/(-4). Suppose 4*i - 3*i - 3 = s. Suppose i*b = 2 + 88. What is the units digit of b?
0
Let l(j) = -3*j + 2 - 5 - 5*j + 4*j. Let b be l(-2). Suppose -25 = b*r - 6*r. What is the tens digit of r?
2
Let g = -4465 - -6884. What is the thousands digit of g?
2
Let g(u) = -12*u - 13. Let s(m) = 6*m - 61. Let a be s(8). What is the tens digit of g(a)?
4
Let r = 72 - -4089. What is the hundreds digit of r?
1
Let u = 2618 + -1422. What is the hundreds digit of u?
1
Let q be (2/4)/((-5)/(-380)). Let g(a) = 3*a - 8. Let o be g(-6). Let h = q + o. What is the units digit of h?
2
Suppose 3*h + 0*h = 0. Suppose -2*y + 3*y - 8 = h. Let z = y + -7. What is the units digit of z?
1
Let f = -166 + 428. What is the tens digit of f?
6
Let x = -31 + 21. Let m be (-34)/x - 9/(-15). What is the tens digit of m/(-4 + 2) - -45?
4
Suppose -12 = -21*j + 23*j. What is the tens digit of 70/4 - (-9)/j?
1
Let w(g) = 3*g**2 + 17*g + 4. What is the thousands digit of w(16)?
1
Suppose -4*i + 34 = -54. Let l be 6*(-2 - i/(-6)). What is the units digit of -21*(l/6 + -2)?
7
Suppose x = 5*a + 733, -3*x + 453 = 4*a - 1651. What is the units digit of x?
8
Let z(p) = -p**2 - 3*p - 6. Let t(i) = 2*i + 5. Let d be t(-5). Let n be z(d). Let g = n - -33. What is the units digit of g?
7
Let s = 1985 + -890. What is the tens digit of s?
9
Let l = 125 + -86. Let t = l + -28. Suppose 0 = -10*p + t*p - 28. What is the tens digit of p?
2
Let m(y) = y**2 + 15*y + 37. What is the tens digit of m(-18)?
9
Suppose 4*k + 4*v = 13364 - 5508, -v = 5*k - 9832. What is the tens digit of k?
6
Suppose -o - 8 = -0*p - 2*p, -4*p = 4*o + 8. Suppose 18 = 3*f - 3*n, 7 = 5*f + p*n - 2. What is the tens digit of ((-6)/4)/(f/(-92))?
4
Suppose -4*k - 5 = -3*m, -m = -4*m - 3*k - 30. What is the tens digit of (-204)/m - 12/15?
4
Suppose 5*t = p - 2*p - 152, -109 = 4*t + 5*p. What is the tens digit of 6/4*(3 - t)?
5
Let g = 240 - 132. Suppose -4*t - z + 427 = 0, 0 = -t - 0*t + z + g. What is the tens digit of t?
0
Let v be (-342)/27*3/(-2). Suppose 2*h - 32 = -2*j, -5*h - j + 76 = 2*j. Let q = v - h. What is the units digit of q?
5
Let w(r) = -399*r**3 + r**2 + 6*r + 4. What is the hundreds digit of w(-2)?
1
Suppose -5*p - 2*l = -105, 64 = 3*p + 5*l + 20. Suppose -m + 3*b + p = 0, -2*b - 154 = m - 6*m. What is the units digit of m?
2
Let f = 635 + -233. What is the hundreds digit of f?
4
Suppose -5*f = 4*a - 833, f + a = -44 + 211. Suppose f = 5*y - 120. What is the units digit of y?
7
Let h(p) = -9*p + 17*p - 7*p + 51. Let v be h(0). Let r = -18 + v. What is the 